divisor of h and b?
11
Let a(s) = -s**3 - s - 30. Let p be a(0). Let g = p + 46. Let y = 415 + -239. Calculate the greatest common divisor of g and y.
16
Let l(g) = -2*g**3 + 9*g**2 + 19*g - 4. Let v be l(6). Let d = 0 - 3. Let k = 5 + d. Calculate the greatest common divisor of k and v.
2
Suppose 3*i + 32 = 5*i. Let b(z) = -4*z**2 - 122*z - 20. Let f be b(-30). Calculate the highest common factor of i and f.
8
Let t = -104 - 96. Let p = -74 - t. What is the greatest common divisor of 84 and p?
42
Let b(a) = -3*a**3 - 2*a - 2. Let o be b(3). Let f = 131 + o. Calculate the highest common factor of 28 and f.
14
Suppose -87 = -c + 3*z - 35, 3*c = -2*z + 145. Calculate the greatest common divisor of 28 and c.
7
Let n = 563 - -2165. What is the highest common factor of 8 and n?
8
Let g = 441 + -241. Calculate the greatest common divisor of g and 75.
25
Suppose 13*k - 35 - 17 = 0. What is the highest common divisor of k and 892?
4
Suppose -5*h = -j + 16, 2*j - 13*h + 17*h = 32. Calculate the highest common factor of j and 48.
16
Let u(l) = l + 4. Let r be u(7). Let q(g) = 10*g - 23. Let z be q(r). Calculate the highest common factor of 58 and z.
29
Suppose 4*s = 5*a + 2998, 10*s - 4*a = 7*s + 2248. What is the greatest common divisor of s and 32?
16
Let u(y) = 3*y - 1. Let w(p) = -p + 19. Let z be w(14). Let g be u(z). What is the highest common factor of g and 35?
7
Suppose 0 = -3*g + 4*y + 284 + 28, -2*g + 4*y = -204. What is the highest common factor of g and 8?
4
Let g = -37 + 41. Let p be 2/((-1)/(-40)*g). Calculate the highest common divisor of p and 50.
10
Let s = -93 + 138. Let h = -2315 - -2345. What is the greatest common divisor of h and s?
15
Let b be -54*(1353/(-22))/3. What is the highest common divisor of b and 82?
41
Suppose a - 4*h = 22, 0*h - 4*h + 48 = 4*a. Suppose -3*v = -a + 2. What is the greatest common factor of 6 and v?
2
Suppose -3*m + 5*x - 1 = 0, 6*m + 5*x = m + 65. Calculate the greatest common divisor of 4 and m.
4
Suppose 127*p - 130*p = -165. What is the highest common factor of 264 and p?
11
Let h be 46/4 - (-1)/2. Suppose 3*q + q = 88. Let w(u) = 2*u - 36. Let r be w(q). What is the greatest common divisor of r and h?
4
Let r be 16 + (-9)/((-18)/8). Let l = r - 17. Suppose 0 = -3*k, l*c - 5*c + 16 = -2*k. Calculate the greatest common divisor of 12 and c.
4
Suppose -6 = 5*y - 8*y. Suppose -4*m + 2*p + 564 = -3*p, -5*p = -y*m + 292. What is the highest common divisor of 17 and m?
17
Suppose 10 = 5*y - 10. Suppose 1598 + 660 = 4*a + 3*l, 3*l = 2*a - 1138. Suppose 262 = y*k - a. What is the highest common divisor of 23 and k?
23
Suppose 4*j + 7*j - 10879 = 0. Calculate the greatest common factor of 43 and j.
43
Let t be (70 - 65)/((-1)/(-21)). Calculate the greatest common divisor of t and 3885.
105
Suppose s - v + 5*v = 9, 5*s - 3*v + 47 = 0. Let z = s + 16. Let u = -2571 + 2661. Calculate the highest common divisor of z and u.
9
Suppose -3*v = v - 8. Let l be v + 49 + (7 - 4). What is the greatest common divisor of l and 135?
27
Suppose 2*c = -3*l + 2*l + 133, 0 = -c + 3*l + 77. What is the highest common divisor of c and 255?
17
Let c(s) = 6*s**3 + 3*s**2 - 3*s. Let z be c(-5). Let q be ((-1)/(-2))/((-1)/z). Calculate the highest common divisor of q and 30.
30
Let s = -21 - -68. Suppose s*r + 30 = 53*r. Calculate the highest common divisor of 45 and r.
5
Suppose 6*o - 6 - 30 = 0. What is the greatest common divisor of 22 and o?
2
Suppose -4*y = -12 - 52. Suppose y = -3*w + 7*w. Let l(a) = -a**2 + 2*a + 10. Let j be l(4). Calculate the greatest common divisor of j and w.
2
Let c = 13 - -15. Suppose -3*z = -z - c. Calculate the greatest common factor of z and 112.
14
Suppose 5*j = 3*g - 49, 3*j - 4*g + 3*g = -27. Let c(r) = -r**2 - 9*r + 10. Let d be c(j). What is the greatest common factor of d and 144?
18
Let f(v) = v**2 + v - 5. Let w be f(-4). What is the greatest common divisor of w and 133?
7
Let q = -7 + 9. Suppose 4*r - 8 = -5*m, 1 = -q*r + 5. Suppose m = 3*s + s + 3*u - 64, -u = 2*s - 32. Calculate the highest common divisor of s and 16.
16
Let s(h) = -3*h**3 + h + 1. Let u be s(-1). Suppose -d - u*d + 11 = -5*i, -4*d + 31 = -i. Let w = d - 6. Calculate the greatest common divisor of w and 33.
3
Suppose -8*g + 45 = -51. Suppose 19*n - 35 = g*n. What is the greatest common factor of n and 5?
5
Let t = 110 + -66. Let g(n) = -n**2 - 7*n + 3. Let j be g(-7). Suppose -j*k + 5*k = 132. Calculate the highest common factor of k and t.
22
Suppose 2*q = 4*q - 12. Let s be (-561)/(-2)*q/9. Suppose x + 3 = 4*d, -5*x + 4*d - 6*d + 95 = 0. Calculate the greatest common factor of s and x.
17
Let x be 2/6 + 130/6. Let v(j) = j**3 - 18*j**2 + 9*j - 6. Let h be v(8). Let i = h + 816. What is the greatest common divisor of i and x?
22
Let g(x) = 2*x + 79. Let t be g(0). Let c = t - 39. Let l be ((-2)/(-3))/(2/24). Calculate the highest common divisor of l and c.
8
Suppose u + 3*u + 35 = -m, 0 = -4*u. Let i = 40 + m. What is the greatest common divisor of i and 40?
5
Suppose c + 10 = 2*p, -2*p = -4*c - 0 + 2. What is the greatest common divisor of 602 and p?
7
Suppose -175*v = -178*v + 6. Suppose 0*h = h - 5*m - 12, 3*m - 50 = -2*h. What is the highest common divisor of h and v?
2
Let g = 10 + 10. Suppose -l + 46 = -s, 266 = 5*l + 52*s - 48*s. What is the greatest common factor of g and l?
10
Let o be (-3 - 1/1) + -5. Let b be 114 + o/((-9)/(-3)). Calculate the greatest common divisor of 74 and b.
37
Let m = -494 + 615. Calculate the highest common divisor of 44 and m.
11
Suppose 3*j + 0*j = -6. Let w be (105/(-6) + 1)*j. Let l = 1229 - 1226. What is the greatest common divisor of w and l?
3
Suppose -4*n + 1401 = -5*z, 0*n - 2*n - 4*z = -720. What is the greatest common divisor of n and 6?
6
Let f(b) = b**2 + 7*b - 2. Let i be f(-6). Let t be (-290)/(-14) - i/28. Calculate the greatest common divisor of t and 14.
7
Let w be 31/(-62) - 18/(-4). Suppose -n = -3*n + 88. What is the highest common divisor of n and w?
4
Let n = 6943 - 3895. What is the highest common divisor of 24 and n?
24
Let y be 9/2*(-14 - (-1960)/30). Calculate the highest common factor of 22 and y.
11
Suppose 2*v + 185 = 2*g - 77, -4*v + 400 = 3*g. Calculate the greatest common factor of 48 and g.
12
Let y(n) = -n**2 + 8*n - 6. Let h be y(5). Suppose -h*c + 1380 = c. What is the highest common factor of 23 and c?
23
Let w = 10 - -14. Suppose -4*t = b - 28, -5*b - 5*t = -191 - 24. Calculate the highest common factor of b and w.
24
Let n be 1*9*(-38)/(-57). What is the highest common divisor of 15 and n?
3
Let v be (140/6)/((-5)/(-60)). Calculate the highest common factor of 80 and v.
40
Suppose 0 = -4*z - 0*z + 12. Let d = 3 - z. Suppose -20 = -m - d*m. What is the greatest common divisor of 8 and m?
4
Suppose -37*k + 40*k = 0. Let o(i) = -i**3 - 4*i**2 - i + 4. Let m be o(-4). Let t = m - k. Calculate the greatest common divisor of 20 and t.
4
Let n = 54 - 53. Suppose 0 = 2*p - 5*k - 12, 3*p - p = k - 4. Let v = p + 7. Calculate the highest common factor of v and n.
1
Let p = 28 + -26. Suppose z - p = -z. What is the greatest common factor of z and 11?
1
Let d be 51 + 1/((-10)/(-70)). Calculate the highest common divisor of d and 29.
29
Let r be (-11)/33*(1 + -394) - 1. What is the highest common factor of 455 and r?
65
Let u = 5254 - 2604. What is the greatest common factor of 50 and u?
50
Let d(x) = -x**3 - 21*x**2 - 20*x + 44. Let l be d(-20). Let m be 2/(-8) + 34/8. Calculate the greatest common divisor of m and l.
4
Let k be 1*26*18/4. Let t be -4 + k/6*2 + 0. What is the greatest common divisor of t and 315?
35
Let v = 25 - 18. What is the greatest common divisor of v and 91?
7
Suppose 0 = 3*d - 0*x - 5*x - 9, 4*d - 35 = -x. Suppose 2*v = 0, d = b + 5*v - 7. What is the highest common factor of b and 6?
3
Let s(g) = -g**2 + 10*g - 7. Let y be (-7)/2 - (-2)/(-4). Let w be 324/18*(-2)/y. Let h be s(w). Calculate the highest common factor of h and 10.
2
Let b(z) = z**2 - 2*z - 5. Let h be b(6). Let u(n) = 170*n**3 + 2*n - 1. Let p be u(1). What is the greatest common factor of h and p?
19
Suppose -2*p + 124 = 2*k, 11 = -p + 5*k + 79. Suppose -7*x - 2*f = -288, -4*x + 136 + 47 = -5*f. Calculate the greatest common divisor of p and x.
21
Suppose 2*c - 160